0?
29
Suppose 75 = 3*k - 12. Suppose 0*s - s + 94 = 5*g, -g - 5*s = -14. Let m = k - g. Calculate the remainder when 29 is divided by m.
9
Let o = 24 - -39. Calculate the remainder when 124 is divided by o.
61
Let k = 9 + -6. Suppose -527 = 2*z - 3*p, k*z = 2*p - p - 773. Calculate the remainder when 35 is divided by (-2)/7 + z/(-14).
17
Suppose -m - 2*s + 9 = -5, 4*s - 60 = -4*m. Calculate the remainder when 25 is divided by m.
9
Suppose -5*w + 16*w = 2035. Calculate the remainder when w is divided by 17.
15
Suppose 15 = -5*o, 0*c - c = -o - 173. Calculate the remainder when c is divided by 29.
25
Suppose -4*f + f - 18 = 2*u, -5*f - 3*u - 30 = 0. Let l = f + 7. What is the remainder when 1 is divided by l?
0
Suppose -30 = -3*a + 3*v, 2*v = -3*a - 0*v + 40. Calculate the remainder when -1*12*(-8)/a is divided by 3.
2
Suppose 447 = 10*p - 363. What is the remainder when p is divided by 17?
13
Suppose -3*k = -5*x + 5 - 2, 4*x + 4 = 4*k. Calculate the remainder when k is divided by 3.
1
Let g be 4/6 + 546/(-9). Suppose -4*d + 40 = 3*y, -3*y = y. What is the remainder when d is divided by (-4)/14 + g/(-14)?
2
Calculate the remainder when -2 - (-50)/1 - 0 is divided by 17.
14
Suppose 0 = -4*k + 54 + 2. Calculate the remainder when 52 is divided by k.
10
Suppose 6*g - 18 = 6. Let d(z) = -z**3 + 4*z**2 + 6*z - 1. What is the remainder when ((-3)/4)/((-2)/120) is divided by d(g)?
22
Suppose 0 = -2*t - 0*t - 40. Let m = -6 + 21. What is the remainder when 22 is divided by t/m*(-6)/1?
6
Suppose -h = m - 276, 5*h + 0*h - m - 1398 = 0. Calculate the remainder when h is divided by 56.
55
Let d = -7 - -25. Suppose 4*y - 5*n = 2*y + 18, 4*y = n + d. What is the remainder when 10 is divided by y?
2
Suppose 3*n = 46 + 11. Let s = 67 - 35. Let u = s + -22. Calculate the remainder when n is divided by u.
9
Let q = -111 + 158. What is the remainder when q is divided by 16?
15
Suppose a = 4*w - 2*w + 9, 0 = 2*a - 2*w - 20. Calculate the remainder when 32 is divided by a.
10
Suppose 4*o = 5*q + 85, 0 = -0*q - 2*q + 4*o - 46. Let b(k) = -k**2 + 9*k + 10. Let l be b(7). Let z = q + l. Calculate the remainder when 31 is divided by z.
9
Suppose 0 = v + m + 3 + 2, 2*v + 25 = -5*m. Suppose v*k - c = -4*k + 30, -k + 18 = 5*c. Calculate the remainder when 30 is divided by k.
6
Let x(k) = -k**3 + 4*k**2 - 4*k. Let q be x(3). Suppose 3*m - v = 18, 0*m - 4*v - 24 = -4*m. What is the remainder when 67/4 - q/12 is divided by m?
5
Let l = -24 - -36. Calculate the remainder when 23 is divided by l.
11
What is the remainder when 3 - (-20)/(-8)*-14 is divided by 10?
8
Let t(o) = -o**3 + 13*o**2 + 3*o - 19. What is the remainder when 78 is divided by t(13)?
18
Suppose 0*a + 5*a = -4*f + 58, 46 = 4*a + 3*f. Let k = 35 - 8. What is the remainder when k is divided by a?
7
Suppose 2*b - 22 = 2*r + 16, 3*b - 56 = 2*r. What is the remainder when b is divided by 10?
8
Let c = 2 - -1. Suppose 5*l + c*t = 81, -41 = -3*l - 2*t + 4*t. Calculate the remainder when 29 is divided by l.
14
Let r(o) = 2*o. Let z = 15 + 22. What is the remainder when z is divided by r(5)?
7
Let r = 11 + -8. Suppose 0 = 7*p - r*p - 56. What is the remainder when p is divided by 5?
4
Let t(h) = -10*h - 95. Calculate the remainder when 282 is divided by t(-11).
12
Let h = -29 - -47. What is the remainder when 68 is divided by h?
14
Let o = -6 - -9. Suppose 0 = -3*k - 5*x + 160, -2*x = -3*x - 1. Suppose o*p - k = -2*p. Calculate the remainder when p is divided by 4.
3
Suppose -a - 2*k = -5*k, k = 4*a - 11. What is the remainder when a is divided by 3?
0
Let a(j) = -4*j + 9. Calculate the remainder when 52 is divided by a(0).
7
Suppose -4*u + 144 + 0 = 0. What is the remainder when 68 is divided by u?
32
Let r(f) = 20*f**2. Calculate the remainder when r(-1) is divided by ((-16)/6)/(((-21)/9)/7).
4
Let y(b) = 8*b + 2*b**2 - 6*b**2 + b**3 - 3*b**2. What is the remainder when y(6) is divided by 7?
5
Suppose 5*s - 54 = -9. Calculate the remainder when (-3 + 21/s)*-12 is divided by 5.
3
Let p = 0 - 3. Let w = p + 27. Calculate the remainder when w is divided by 13.
11
Suppose -11*o = -6*o - 55. What is the remainder when 43 is divided by o?
10
Let b = 2 + 1. Suppose b = -3*h, h - 49 = -6*v + v. What is the remainder when 27 is divided by v?
7
Let q = 0 + -12. Let f(k) = k**2 + 6*k + 13. Let r be f(q). Suppose -r = -4*m - 25. Calculate the remainder when 29 is divided by m.
14
Calculate the remainder when ((-50)/(-20))/((-2)/(-8)) is divided by 2.
0
Suppose -4*y = 4*t - 26 - 198, -2*t + y + 121 = 0. Let c = -42 + t. What is the remainder when 50 is divided by c?
16
What is the remainder when 24 is divided by (-6)/4*(-18 - -12)?
6
Let d(z) = 5*z + 2. Calculate the remainder when 4263/91 + -1*(-2)/13 is divided by d(2).
11
Suppose -4*n + 29 = -7. Suppose l - 340 = -9*l. What is the remainder when l is divided by n?
7
Let w = -1 + 2. Suppose 5*k + 3*i = -69, -i = -k - 0 - 17. Let m = k - -17. What is the remainder when m is divided by w?
0
Let k = 17 + -9. Let d = 24 - k. Suppose 52 = 4*s + d. What is the remainder when 17 is divided by s?
8
Let d be 22 - (0/(-2) - -1). Let h = d + -9. Calculate the remainder when 23 is divided by h.
11
Let w(h) = 14*h**2 - h + 1. Let x be w(1). Suppose 0*n = -2*n + x. Let m = 1 - -2. Calculate the remainder when n is divided by m.
1
Let s = 0 - -9. Let m(t) = 35*t**3 - 2*t + 1. What is the remainder when m(1) is divided by s?
7
Let n(t) = 18*t**2. Suppose 3*h - 215 = 2*f, 0*h + 211 = 3*h - f. What is the remainder when h is divided by n(-1)?
15
Let a(r) = r**2 + 2*r - 5. What is the remainder when a(-6) is divided by 10?
9
Suppose -2*t - t = g + 9, 2*t + 8 = 0. Suppose 6*b + 115 = 11*b. Let v = b - 16. Calculate the remainder when v is divided by g.
1
Let s = 11 + -5. Suppose -3*f = -0 - s. Suppose -3*x = 2*c - 30, 5*x - f*x - c - 21 = 0. Calculate the remainder when x is divided by 5.
3
Let q = 14 - 0. Let f(y) = 0 + 0*y + 6*y - 4. What is the remainder when q is divided by f(2)?
6
Let j = 6 + 1. Suppose 0 = 3*g + 2*g - 20. Calculate the remainder when j is divided by g.
3
Let p(q) = 2 + 4*q**2 - q**3 + q - 4*q**3 + 4*q**3 - 5*q**2. Suppose -7 = -c + 25. What is the remainder when c is divided by p(-3)?
15
Let q(k) = -7*k - 6. Let p(x) = 7*x + 5. Let u(t) = 3*p(t) + 2*q(t). Let r be u(-2). Let b = r - -34. Calculate the remainder when b is divided by 8.
7
Suppose 2*p = -p. Let x = p + 2. Suppose -w = -x*w + 12. Calculate the remainder when 35 is divided by w.
11
Let h(s) = 4*s - 4*s - 4*s + 3*s - 3. Let a be h(-5). Suppose -42 - 12 = -3*t + 2*q, -4*q = a*t - 20. Calculate the remainder when t is divided by 6.
4
Let o(c) = -2*c**3 - c**2 - c - 2. Suppose -5*k + 69 = -161. Calculate the remainder when k is divided by o(-2).
10
Suppose 5*q - 6*q + 5 = 0. What is the remainder when 14 is divided by q?
4
Let s = 2 - -6. Let c be 42/s - 3/12. Calculate the remainder when (-2)/c - (-92)/5 is divided by 10.
8
Let b(g) = -g**2 - 5*g - 3. Suppose 3*n = 39 - 6. What is the remainder when n is divided by b(-3)?
2
Let g(l) = -3*l + 56. What is the remainder when 7 is divided by g(18)?
1
Let z = 39 + -25. Calculate the remainder when 25 is divided by z.
11
Let j(x) = 2*x**2 - x - 8. What is the remainder when j(4) is divided by 11?
9
Suppose -2*k = -7*k. Suppose -t = -k*t - 70. Suppose -2*x + t = -0*x. What is the remainder when x is divided by 12?
11
Let l(o) = -2*o + 1. Let m be l(-2). Suppose -m*h - 1 = -4*h. Let y = h + 11. Calculate the remainder when 39 is divided by y.
9
Suppose 22 = 2*z - p, -4 - 7 = -z + p. Let n(f) = 16*f**2 + f. Let x be n(-4). Suppose 6*w + 0*w = x. Calculate the remainder when w is divided by z.
9
Let k(s) = s**3 + 4*s**2 - s + 3. Suppose 0 = -4*f + 3*f + 9. Suppose 4*w - f = 3. Calculate the remainder when k(-4) is divided by w.
1
Let f(v) = 2*v**2 + 1. Let m(s) = 6*s - 3. Let g be m(-2). Let y = -4 - g. What is the remainder when f(-3) is divided by y?
8
Suppose 13*a - 15*a = -126. Calculate the remainder when a is divided by 16.
15
Suppose 0 = s + s - 24. Suppose -47 = -r - s. Suppose 0 = -2*v + 7*v - 90. Calculate the remainder when r is divided by v.
17
Let q = -19 - -51. What is the remainder when 94 is divided by q?
30
Let d = 13 + -3. Calculate the remainder when d